 -10000 + 101111111?
101101111
In base 7, what is 2 + 0?
2
In base 8, what is 53 - 0?
53
In base 12, what is -213 + -1?
-214
In base 6, what is -3113 + 4?
-3105
In base 11, what is 211 + -4?
208
In base 7, what is 5 - 1053?
-1045
In base 3, what is 1001121012 + 2?
1001121021
In base 10, what is -1412 - 2?
-1414
In base 16, what is 5a0 - 0?
5a0
In base 11, what is 315 - -12?
327
In base 6, what is 14 + 102?
120
In base 2, what is 101001100 + -100?
101001000
In base 11, what is 58 - -108?
165
In base 14, what is -711 - 1?
-712
In base 12, what is -2388 + 2?
-2386
In base 6, what is 3 + -21005?
-21002
In base 15, what is -e1 - 5?
-e6
In base 14, what is -bd9 - 3?
-bdc
In base 4, what is -21103023 + 2?
-21103021
In base 2, what is 10001 - 111110?
-101101
In base 4, what is -1 - 130?
-131
In base 11, what is 2 + 1a95?
1a97
In base 8, what is 1 + 544?
545
In base 3, what is 0 - -2102?
2102
In base 15, what is 1adc + -5?
1ad7
In base 15, what is -10 + -65?
-75
In base 10, what is 4 + -368?
-364
In base 4, what is 3 + 31010?
31013
In base 13, what is -2 + -32?
-34
In base 14, what is -77b - b?
-788
In base 14, what is 104 - 2?
102
In base 8, what is -2606 + 1?
-2605
In base 14, what is -a + 781?
775
In base 14, what is c - b9?
-ab
In base 8, what is -5 - -415?
410
In base 5, what is 0 - -133?
133
In base 3, what is -2 - -21?
12
In base 11, what is -1 + 1a6?
1a5
In base 4, what is 102 + -212?
-110
In base 5, what is -3 + 12002?
11444
In base 7, what is -640 - 0?
-640
In base 3, what is -201 + 110?
-21
In base 12, what is -47bb - -4?
-47b7
In base 16, what is 3 + 4b?
4e
In base 11, what is -6 + -1259?
-1264
In base 14, what is -a + 476?
46a
In base 10, what is 989 + -11?
978
In base 16, what is 1 + 4?
5
In base 6, what is 4 - 10443?
-10435
In base 7, what is 3246 + -4?
3242
In base 15, what is -87 - 15?
-9c
In base 9, what is 5 + -701?
-685
In base 3, what is 21 + -211?
-120
In base 13, what is -70 + 10?
-60
In base 13, what is 714 - 3?
711
In base 2, what is -11110000 - -1?
-11101111
In base 14, what is 3d8 + a?
404
In base 4, what is -2 - 133220?
-133222
In base 12, what is a + -223?
-215
In base 15, what is 9c - 2?
9a
In base 14, what is 10d - -22?
131
In base 11, what is 0 - -62?
62
In base 15, what is -18 - 9?
-22
In base 8, what is -5 - -240?
233
In base 10, what is 2 + 53?
55
In base 6, what is 35 - -14?
53
In base 6, what is 50022 + 5?
50031
In base 15, what is 2 - -de?
e1
In base 5, what is 2121 + 4?
2130
In base 11, what is 66 + -10?
56
In base 12, what is 0 - -225?
225
In base 15, what is -62 - 2?
-64
In base 4, what is 2111 - 2?
2103
In base 6, what is -3 - 12?
-15
In base 4, what is -113212 - 2?
-113220
In base 14, what is bca + 2?
bcc
In base 9, what is 5 - 6083?
-6077
In base 9, what is 1 + 255?
256
In base 5, what is -1302144 - -4?
-1302140
In base 6, what is 125 + -112?
13
In base 15, what is -c - 375?
-382
In base 13, what is a66 - 0?
a66
In base 5, what is -2 - 131?
-133
In base 6, what is 24 - 1?
23
In base 6, what is -2 - 1?
-3
In base 4, what is 313 - 22?
231
In base 8, what is -3467 + -5?
-3474
In base 8, what is -2415 - -1?
-2414
In base 15, what is 2 + 170?
172
In base 12, what is -67 - 12?
-79
In base 11, what is 22 + 2?
24
In base 12, what is 21 + -92?
-71
In base 6, what is -4 - -15122?
15114
In base 14, what is 0 + -5?
-5
In base 10, what is 0 + 46?
46
In base 5, what is 41 - 4130?
-4034
In base 12, what is -28a + -2?
-290
In base 10, what is 10 - -45?
55
In base 4, what is 22 + -23?
-1
In base 4, what is 1 + 21?
22
In base 2, what is 100000011 + 10?
100000101
In base 3, what is 2220 + -11111?
-1121
In base 12, what is -5 - -ab3?
aaa
In base 13, what is 5 - 0?
5
In base 3, what is 10 + 21202?
21212
In base 9, what is 1 + -110?
-108
In base 7, what is -34122 - 5?
-34130
In base 15, what is a - -2d?
38
In base 9, what is 143 - -5?
148
In base 4, what is 3012 - 11?
3001
In base 5, what is -3 - 30?
-33
In base 2, what is -11111 - 1010001?
-1110000
In base 14, what is 8 + -83?
-79
In base 15, what is 4ba + -1?
4b9
In base 5, what is -4 - -10220?
10211
In base 13, what is 43 - 1?
42
In base 9, what is 2287 + 1?
2288
In base 3, what is -100011 + 0?
-100011
In base 4, what is -1310 - 1?
-1311
In base 11, what is 62 + 15?
77
In base 10, what is 1 - -168?
169
In base 16, what is f9 - -5?
fe
In base 7, what is -200 + -60?
-260
In base 7, what is 5 + 15?
23
In base 14, what is -1 - -1974?
1973
In base 3, what is 12 + 210101?
210120
In base 4, what is 100 + -22?
12
In base 16, what is 2e + 0?
2e
In base 7, what is -3 - -200?
164
In base 13, what is -60 - -36?
-27
In base 4, what is -1001 - 10?
-1011
In base 12, what is -305 - b?
-314
In base 11, what is -19 + -4?
-22
In base 13, what is -1318 - 1?
-1319
In base 14, what is 160 - 5?
159
In base 15, what is 0 + 1ed0?
1ed0
In base 13, what is -164 - -13?
-151
In base 6, what is 22 + -350?
-324
In base 9, what is -3 + 125?
122
In base 3, what is 222012000 + -12?
222011211
In base 7, what is 0 - 60?
-60
In base 10, what is 10 + 46?
56
In base 13, what is 683 + -13?
670
In base 11, what is 782a - 0?
782a
In base 8, what is 5 + 141?
146
In base 9, what is 2282 - -1?
2283
In base 16, what is -4e + -47?
-95
In base 16, what is f - -18?
27
In base 3, what is 1000210 + 10?
1000220
In base 7, what is -20 + -23?
-43
In base 16, what is b5f + -4?
b5b
In base 14, what is ab0 + 2?
ab2
In base 14, what is 66 - 0?
66
In base 11, what is -6 - -13?
8
In base 2, what is 1001000101001 + -100?
1001000100101
In base 15, what is 871 + 2?
873
In base 16, what is 2 + -b4?
-b2
In base 10, what is 5 - 3009?
-3004
In base 3, what is 11212 - 0?
11212
In base 9, what is -8 + 1131?
1122
In base 9, what is 134 - -1?
135
In base 13, what is -40 + 13?
-2a
In base 16, what is 16a + 1?
16b
In base 7, what is -3 + 10?
4
In base 6, what is -2222 - 3?
-2225
In base 10, what is 87 - -16?
103
In base 10, what is 19 - 4?
15
In base 10, what is -3 + -71?
-74
In base 14, what is -8 - -92?
88
In base 16, what is -2 - 12d?
-12f
In base 3, what is -2 + -2102?
-2111
In base 5, what is 22 + -10?
12
In base 15, what is -5180 + 5?
-517a
In base 8, what is 51715 - -1?
51716
In base 4, what is -223 - 23?
-312
In base 13, what is -2a8 + -3?
-2ab
In base 7, what is -5 - -253?
245
In base 4, what is -302 + 10?
-232
In base 14, what is 39 - 27?
12
In base 11, what is -1233 + 12?
-1221
In base 5, what is -2 + -11343?
-11400
In base 9, what is -281 + -1?
-282
In base 2, what is 1100 - -1000011000?
1000100100
In base 7, what is -3 + 22?
16
In base 11, what is -32 - 1a?
-51
In base 15, what is -2 + 836?
834
In base 3, what is 12 + -10021?
-10002
In base 12, what is 8 + -1734?
-1728
In base 11, what is 29 + -12?
17
In base 11, what is 2 + -53?
-51
In base 4, what is -3032 + 11?
-3021
In base 13, what is 3 + cc?
102
In base 7, what is -2 - -201?
166
In base 13, what is 243 + -2?
241
In base 4, what is -101 - 1203?
-1310
In base 12, what is 4 - -ba?
102
In base 6, what is -5 - 134?
-143
In base 12, what is 757 + 3?
75a
In base 14, what is -bd + -130?
-20d
In base 16, what is 1f + -1ef?
-1d0
In base 16, what is 0 - -c5?
c5
In base 2, what is 101011011 + -10?
101011001
In base 10, what is 1 - -1843?
1844
In base 9, what is -67 + -10?
-77
In base 9, what is 1 + -154?
-153
In base 11, what is -3 - -1a?
17
In base 14, what is 0 - 1cb?
-1cb
In base 14, what is 716 - -1?
717
In base 15, what is -e + 1b?
c
In base 16, what is 293 + -5?
28e
In base 16, what is 12d + -b?
122
In base 10, what is -261 - -4?
-257
In base 7, what is -364 - -5?
-356
In base 3, what is -100 - -1000?
200
In base 4, what is -332 + 0?
-332
In base 2, what is 110 - -1011110?
1100100
In base 16, what is 11 + -174?
-163
In base 15, what is -1e - -7?
-17
In base 9, what is -4 + 27?
23
In base 4, what is 11 - 203111?
-203100
In base 10, what is 5909 - -4?
5913
In base 16, what is 1 + 53?
54
In base 6, what is -2 - -204?
202
In base 13, what is 8 - -3?
b
In base 11, what is -21 - 17?
-38
In base 3, what is 220 + -212?
1
In base 3, what is -2 + 120102?
120100
In base 5, what is 2 + -4403?
-4401
In base 8, what is -5 - 137?
-144
In base 6, what is 14 + -300?
-242
In base 6, what is -54 + 440?
342
In base 4, what is 21103 - 10?
21033
In base 8, what is 232 - 11?
221
In base 16, what is 2d - 